 Let u be (-128)/(-20) + 2 + (-2)/5. Calculate the highest common divisor of y and u.
8
Let i = -127 + 130. Suppose 26 = 3*b + i*m - 4*m, 2*b + 2*m = 28. Calculate the highest common divisor of 15 and b.
5
Let s(h) = h**3 + 39*h**2 + 20*h - 68. Let w be s(-38). What is the greatest common divisor of w and 112?
56
Suppose -j - x + 1001 = 0, -5*j - 4*x + 6557 = 1553. Let v be 4/34 + j/170. Calculate the highest common factor of 54 and v.
6
Suppose -14*m + 6 = -260. Calculate the greatest common factor of m and 152.
19
Let q(p) = -3*p**2 + 12 - 14*p + 1 + 6*p**2. Let j be q(6). Calculate the highest common divisor of 185 and j.
37
Let l = 846 - 489. What is the highest common factor of 102 and l?
51
Suppose 2*a + 13 = a + 5*q, 0 = 2*q - 6. Suppose 5*t - a*i - 63 = -4*i, 0 = 5*t - i - 66. Calculate the greatest common divisor of 26 and t.
13
Suppose -3*k = 5*q - 59, -2*q = 3*k - 4*k + 38. What is the highest common divisor of k and 42?
14
Suppose 3 - 1 = -2*w. Let y be -2 - 2*23/2. Let z be w/(-2 - y/13). Calculate the greatest common divisor of 65 and z.
13
Suppose -2*r - r - 4*v = 9, 2*v + 6 = 0. Let c be -3*1*4/(-6). What is the greatest common divisor of c and r?
1
Let c(b) = -7*b**3 + 3*b**2 - b + 1. Let d be c(2). Let x be (4/6)/((-6)/d)*49. What is the highest common divisor of 49 and x?
49
Let z = -16 + 19. Let u = 152 + -82. Let l be (240/u)/(1/7). What is the greatest common factor of z and l?
3
Let b(r) = r**3 + 5*r**2 - 6*r + 2. Suppose 4*p = p - 18. Let u be b(p). Let z be u*(-26)/(-4)*3. Calculate the highest common factor of 26 and z.
13
Suppose 5*n = 62*n - 342. What is the greatest common divisor of 1626 and n?
6
Suppose 148 = 3*v + t - 50, 0 = -2*v + t + 132. Calculate the highest common factor of v and 24.
6
Let b be (-1184)/(-4) - (1 - 2 - 3). Calculate the highest common factor of 60 and b.
60
Suppose 4*i + 4*m - 39 = 197, 205 = 3*i - 4*m. Let z be 1/5 + 36/(-30). Let b = 8 - z. What is the highest common factor of i and b?
9
Let f be -7 - (2 + -7) - -1267. Calculate the greatest common divisor of f and 55.
55
Suppose 0 = -5*n, 4*o - 5284 = -4*n - 1412. Calculate the greatest common divisor of 88 and o.
88
Suppose 2*j + 0*b = 3*b + 159, -314 = -4*j + 2*b. Calculate the highest common divisor of j and 52.
26
Let n(o) = -3*o - 1. Let m be n(-1). Suppose -q = 3*l - 10, 5*l - m*q - 12 = q. Suppose l*f - 39 = 33. What is the highest common factor of 36 and f?
12
Let r(m) = m**3 + 6*m**2 - 9*m - 3. Let z be r(-7). Suppose -j - 7 - 24 = 4*k, 5*k - 4*j = -23. Let u = z + k. Calculate the highest common divisor of 8 and u.
4
Suppose -2*c + 10*c = 80. Suppose c*q - 117 = 7*q. Suppose -r = n - 3 - 10, 4*n = r + 52. Calculate the highest common factor of n and q.
13
Suppose 0*l - 5*l + 935 = 0. Let y = -756 + 773. What is the greatest common factor of y and l?
17
Suppose 78 + 858 = 8*w. What is the greatest common divisor of w and 18?
9
Let g = 1285 + -1186. Calculate the highest common divisor of g and 792.
99
Let z(d) = -2*d**2 - 47*d + 55. Let a be z(-23). Calculate the greatest common factor of 6 and a.
6
Suppose 0*m - 5*m - 7 = 2*w, -m = -2*w + 23. Let v be -1 - 3/3*-118. Calculate the greatest common factor of w and v.
9
Let f(b) = 12*b + 363. Let a be f(-16). What is the highest common factor of 18 and a?
9
Let y be 13*(20/(-4) - -14). Calculate the highest common divisor of 78 and y.
39
Let s(d) = -d**2 - 7*d + 8. Let c be s(-7). Let g be (7/2)/((-2)/(-28)). Let h = 31 + g. What is the greatest common divisor of c and h?
8
Let d(i) = 93*i - 15. Let h be d(1). Suppose 2*s = -3*n + 237, -4*s - 107 = 3*n - 578. Calculate the greatest common divisor of h and s.
39
Let d(s) = -4*s**3 - s**2 + 3*s. Let m be d(-3). Let v = m + 46. Calculate the highest common factor of v and 17.
17
Suppose 0 = -6*m - 3 + 9. Suppose 5*j + m = 41. Let v = 6 + j. Calculate the highest common factor of v and 28.
14
Let y(h) = 9*h - 2. Let j be y(2). Suppose 0 = i - 3*i - j. Let v = i - -11. Calculate the greatest common factor of v and 27.
3
Let h = 365 - 332. Calculate the greatest common factor of 55 and h.
11
Let w(t) = 28*t**3 + t**2 - 8. Let f be w(2). What is the highest common divisor of f and 44?
44
Suppose -c - 14 = -4*d + c, 5*d - 40 = -5*c. Let n be ((-54)/12)/(1/(-10)). Calculate the highest common divisor of n and d.
5
Let w = -8 + 31. Calculate the highest common factor of w and 184.
23
Let z = 28 - 32. Let p be 30 - (0/z + 2). Calculate the greatest common divisor of p and 28.
28
Let t = 530 - 478. What is the highest common divisor of 65 and t?
13
Let j = -37 - -165. Let y = -20 - -36. Let q = 32 - y. What is the highest common divisor of q and j?
16
Suppose 8*r = 3*r - 25. Let b(t) = t + 5. Let w be b(r). Suppose -121 - 426 = -5*g + d, 3*g + 3*d - 339 = w. Calculate the greatest common divisor of g and 10.
10
Let c be 2700/40 - (-6)/(-4). What is the greatest common divisor of 44 and c?
22
Let s = -123 - -75. Let d = s - -53. Let z be 2/(-4) - (-91)/2. What is the highest common factor of z and d?
5
Let o be 1/(1*(-5)/(-55)). Suppose 5*n = 86 - o. What is the greatest common divisor of n and 15?
15
Let t(g) = g**2 - g - 17. Let r be t(-4). Suppose -r*k + 15 = 0, -32 = -8*m + 4*m - 4*k. Calculate the greatest common divisor of m and 24.
3
Suppose -12 = -0*c - 4*c. Let i be 2 - (3 - c)/(-3). Suppose 3*b - 15 - 29 = -4*s, i*s = -3*b + 28. Calculate the greatest common factor of 40 and s.
8
Let p be -1 + 1 - -1 - -24. Let h = p - 1. Let f = 49 + 23. What is the greatest common divisor of h and f?
24
Suppose -4*o + 8*o = 0. Suppose o = -2*u - u, 3*b - 2*u = 21. What is the highest common divisor of 7 and b?
7
Let l(g) = -62*g - 545. Let u be l(-9). Let v be (-2)/4*(-1 + -25). What is the highest common divisor of u and v?
13
Let l be -17 - -14 - 100/(-5 + 1). What is the highest common factor of l and 33?
11
Suppose 3*n - 4 = -1. Calculate the highest common factor of 43 and n.
1
Let l = 31 - 26. Suppose -2*x - 3*h + 27 = -0*h, -l*h = -4*x + 43. What is the greatest common divisor of x and 3?
3
Let d(y) = 3*y**2 - 105*y - 134. Let f be d(37). What is the highest common divisor of 24 and f?
8
Suppose -204 = -5*o + 41. Let x = o + -44. What is the greatest common factor of 40 and x?
5
Suppose -4*y = -14*j + 18*j - 548, -128 = -y - 4*j. What is the greatest common factor of 595 and y?
35
Let r = -13 - -21. Suppose c - 16 = 3*q, 5*q = -c - 0 - r. Suppose -1 = c*u - 92. Calculate the highest common factor of 13 and u.
13
Suppose 5*r + 205 = 8*w - 5*w, 3*r = -w + 59. Calculate the highest common divisor of w and 845.
65
Let n(m) = -3*m + 10. Let z be n(-8). Let p be ((-2)/(-2))/(2/z). Let d = 299 + -180. What is the greatest common factor of p and d?
17
Let n be (-2)/1*14/(-4). Suppose -2*b - n + 15 = 0. Suppose 0 = -x + 10 - 4. What is the highest common factor of b and x?
2
Let a be 2/(-4) + (-261)/(-2). Calculate the greatest common divisor of a and 52.
26
Suppose 144*g + l - 16 = 143*g, -2*g + 3*l = -17. What is the highest common factor of g and 2171?
13
Suppose 0 = 23*n - 27*n + 2*g + 1040, 4*g - 8 = 0. What is the highest common factor of n and 116?
29
Let j = 2 - -18. Let s(y) = -y + 25. Let z be s(j). Calculate the greatest common divisor of 35 and z.
5
Let z = 2457 - 2453. Calculate the highest common divisor of z and 9.
1
Let p(j) = 2 - 6 + 3*j + j**2 + j**2 + 1. Let z be (8/10)/((-2)/(-5)). Let f be p(z). Calculate the highest common factor of f and 33.
11
Let n be -18 + 20 - (-7)/(-1) - -83. What is the highest common factor of n and 1131?
39
Let q = -79 + 139. Let o(b) = -b**2 - 13*b - 30. Let r be o(-7). What is the highest common divisor of q and r?
12
Suppose -3*r + 39 = -71*n + 66*n, -4*r = 4*n - 20. Let v(t) = t**2 + t. Let l be v(-9). Calculate the highest common factor of r and l.
8
Suppose -25 = -6*g + g. Suppose 2*s = 4 + 4. Suppose -70 = -2*i - 2*d, -s*i = 2*d - d - 140. Calculate the greatest common factor of i and g.
5
Let t = -19 + 35. Let b(l) = 14*l + 8. Let i be b(t). Suppose 4*y = c - i, -2*c = -0*y + 2*y - 514. Calculate the greatest common divisor of c and 28.
28
Let z be 3 - 0 - (956/(-4) + 0). What is the greatest common factor of 66 and z?
22
Let d = 74 + -24. Suppose 388*n + 100 = 389*n. Calculate the highest c